[INFO] fetching crate reg-watcher 0.1.1...
[INFO] checking reg-watcher-0.1.1 against master#9610dfe5a9a731ced1ea4923ecbd0c57fe367898 for beta-170-4
[INFO] extracting crate reg-watcher 0.1.1 into /workspace/builds/worker-2-tc1/source
[INFO] validating manifest of crates.io crate reg-watcher 0.1.1 on toolchain 9610dfe5a9a731ced1ea4923ecbd0c57fe367898
[INFO] running `Command { std: CARGO_HOME="/workspace/cargo-home" RUSTUP_HOME="/workspace/rustup-home" "/workspace/cargo-home/bin/cargo" "+9610dfe5a9a731ced1ea4923ecbd0c57fe367898" "metadata" "--manifest-path" "Cargo.toml" "--no-deps", kill_on_drop: false }`
[INFO] started tweaking crates.io crate reg-watcher 0.1.1
[INFO] finished tweaking crates.io crate reg-watcher 0.1.1
[INFO] tweaked toml for crates.io crate reg-watcher 0.1.1 written to /workspace/builds/worker-2-tc1/source/Cargo.toml
[INFO] crate crates.io crate reg-watcher 0.1.1 already has a lockfile, it will not be regenerated
[INFO] running `Command { std: CARGO_HOME="/workspace/cargo-home" RUSTUP_HOME="/workspace/rustup-home" "/workspace/cargo-home/bin/cargo" "+9610dfe5a9a731ced1ea4923ecbd0c57fe367898" "fetch" "--manifest-path" "Cargo.toml", kill_on_drop: false }`
[INFO] [stderr]  Downloading crates ...
[INFO] [stderr]   Downloaded backtrace v0.3.5
[INFO] [stderr]   Downloaded rustc-demangle v0.1.7
[INFO] [stderr]   Downloaded uuid v0.6.0
[INFO] running `Command { std: "docker" "create" "-v" "/var/lib/crater-agent-workspace/builds/worker-2-tc1/target:/opt/rustwide/target:rw,Z" "-v" "/var/lib/crater-agent-workspace/builds/worker-2-tc1/source:/opt/rustwide/workdir:ro,Z" "-v" "/var/lib/crater-agent-workspace/cargo-home:/opt/rustwide/cargo-home:ro,Z" "-v" "/var/lib/crater-agent-workspace/rustup-home:/opt/rustwide/rustup-home:ro,Z" "-e" "SOURCE_DIR=/opt/rustwide/workdir" "-e" "CARGO_TARGET_DIR=/opt/rustwide/target" "-e" "CARGO_HOME=/opt/rustwide/cargo-home" "-e" "RUSTUP_HOME=/opt/rustwide/rustup-home" "-w" "/opt/rustwide/workdir" "-m" "1610612736" "--user" "0:0" "--network" "none" "ghcr.io/rust-lang/crates-build-env/linux@sha256:19e73879b68f455e41552ea35293514db52ea292d993f571636dbffedb77a1ee" "/opt/rustwide/cargo-home/bin/cargo" "+9610dfe5a9a731ced1ea4923ecbd0c57fe367898" "metadata" "--no-deps" "--format-version=1", kill_on_drop: false }`
[INFO] [stdout] 6dd8b94af207ab8e0c339465312a515b389f29f61d67329d5e3a4e05469c3c9b
[INFO] running `Command { std: "docker" "start" "-a" "6dd8b94af207ab8e0c339465312a515b389f29f61d67329d5e3a4e05469c3c9b", kill_on_drop: false }`
[INFO] running `Command { std: "docker" "inspect" "6dd8b94af207ab8e0c339465312a515b389f29f61d67329d5e3a4e05469c3c9b", kill_on_drop: false }`
[INFO] running `Command { std: "docker" "rm" "-f" "6dd8b94af207ab8e0c339465312a515b389f29f61d67329d5e3a4e05469c3c9b", kill_on_drop: false }`
[INFO] [stdout] 6dd8b94af207ab8e0c339465312a515b389f29f61d67329d5e3a4e05469c3c9b
[INFO] running `Command { std: "docker" "create" "-v" "/var/lib/crater-agent-workspace/builds/worker-2-tc1/target:/opt/rustwide/target:rw,Z" "-v" "/var/lib/crater-agent-workspace/builds/worker-2-tc1/source:/opt/rustwide/workdir:ro,Z" "-v" "/var/lib/crater-agent-workspace/cargo-home:/opt/rustwide/cargo-home:ro,Z" "-v" "/var/lib/crater-agent-workspace/rustup-home:/opt/rustwide/rustup-home:ro,Z" "-e" "SOURCE_DIR=/opt/rustwide/workdir" "-e" "CARGO_TARGET_DIR=/opt/rustwide/target" "-e" "CARGO_INCREMENTAL=0" "-e" "RUST_BACKTRACE=full" "-e" "RUSTFLAGS=--cap-lints=forbid" "-e" "RUSTDOCFLAGS=--cap-lints=forbid" "-e" "CARGO_HOME=/opt/rustwide/cargo-home" "-e" "RUSTUP_HOME=/opt/rustwide/rustup-home" "-w" "/opt/rustwide/workdir" "-m" "1610612736" "--user" "0:0" "--network" "none" "ghcr.io/rust-lang/crates-build-env/linux@sha256:19e73879b68f455e41552ea35293514db52ea292d993f571636dbffedb77a1ee" "/opt/rustwide/cargo-home/bin/cargo" "+9610dfe5a9a731ced1ea4923ecbd0c57fe367898" "check" "--frozen" "--all" "--all-targets" "--message-format=json", kill_on_drop: false }`
[INFO] [stdout] 1494781d238dc927b11ad06208f6ef592888ce866829698fab00a0df96bede13
[INFO] running `Command { std: "docker" "start" "-a" "1494781d238dc927b11ad06208f6ef592888ce866829698fab00a0df96bede13", kill_on_drop: false }`
[INFO] [stderr]     Checking libc v0.2.36
[INFO] [stderr]     Checking cfg-if v0.1.2
[INFO] [stderr]     Checking futures v0.1.21
[INFO] [stderr]     Checking byteorder v1.2.3
[INFO] [stderr]     Checking nodrop v0.1.12
[INFO] [stderr]    Compiling cc v1.0.4
[INFO] [stderr]    Compiling unicode-xid v0.0.4
[INFO] [stderr]     Checking slab v0.4.0
[INFO] [stderr]     Checking log v0.4.1
[INFO] [stderr]     Checking arrayvec v0.4.7
[INFO] [stderr]     Checking crossbeam-utils v0.3.2
[INFO] [stderr]     Checking lazy_static v1.0.0
[INFO] [stderr]     Checking lazycell v0.6.0
[INFO] [stderr]    Compiling synom v0.11.3
[INFO] [stderr]    Compiling quote v0.3.15
[INFO] [stderr]    Compiling winapi v0.3.4
[INFO] [stderr]     Checking rustc-demangle v0.1.7
[INFO] [stderr]     Checking crossbeam-epoch v0.4.1
[INFO] [stderr]     Checking iovec v0.1.2
[INFO] [stderr]     Checking net2 v0.2.31
[INFO] [stderr]     Checking rand v0.4.2
[INFO] [stderr]     Checking crossbeam-deque v0.3.1
[INFO] [stderr]     Checking bytes v0.4.7
[INFO] [stderr]     Checking mio v0.6.14
[INFO] [stderr]     Checking num_cpus v1.8.0
[INFO] [stderr]    Compiling syn v0.11.11
[INFO] [stderr]     Checking widestring v0.2.2
[INFO] [stderr]    Compiling backtrace-sys v0.1.16
[INFO] [stderr]     Checking winreg v0.5.1
[INFO] [stdout] error[E0433]: failed to resolve: could not find `windows` in `os`
[INFO] [stdout]    --> /opt/rustwide/cargo-home/registry/src/index.crates.io-6f17d22bba15001f/winreg-0.5.1/src/lib.rs:103:14
[INFO] [stdout]     |
[INFO] [stdout] 103 | use std::os::windows::ffi::OsStrExt;
[INFO] [stdout]     |              ^^^^^^^ could not find `windows` in `os`
[INFO] [stdout] 
[INFO] [stdout] 
[INFO] [stdout] error[E0433]: failed to resolve: could not find `shared` in `winapi`
[INFO] [stdout]    --> /opt/rustwide/cargo-home/registry/src/index.crates.io-6f17d22bba15001f/winreg-0.5.1/src/lib.rs:107:17
[INFO] [stdout]     |
[INFO] [stdout] 107 | pub use winapi::shared::minwindef::HKEY;
[INFO] [stdout]     |                 ^^^^^^ could not find `shared` in `winapi`
[INFO] [stdout] 
[INFO] [stdout] 
[INFO] [stdout] error[E0433]: failed to resolve: could not find `shared` in `winapi`
[INFO] [stdout]    --> /opt/rustwide/cargo-home/registry/src/index.crates.io-6f17d22bba15001f/winreg-0.5.1/src/lib.rs:108:13
[INFO] [stdout]     |
[INFO] [stdout] 108 | use winapi::shared::minwindef::{DWORD, BYTE, LPBYTE};
[INFO] [stdout]     |             ^^^^^^ could not find `shared` in `winapi`
[INFO] [stdout] 
[INFO] [stdout] 
[INFO] [stdout] error[E0432]: unresolved import `winapi::shared`
[INFO] [stdout]    --> /opt/rustwide/cargo-home/registry/src/index.crates.io-6f17d22bba15001f/winreg-0.5.1/src/lib.rs:106:13
[INFO] [stdout]     |
[INFO] [stdout] 106 | use winapi::shared::winerror;
[INFO] [stdout]     |             ^^^^^^ could not find `shared` in `winapi`
[INFO] [stdout] 
[INFO] [stdout] 
[INFO] [stdout] error[E0433]: failed to resolve: could not find `um` in `winapi`
[INFO] [stdout]    --> /opt/rustwide/cargo-home/registry/src/index.crates.io-6f17d22bba15001f/winreg-0.5.1/src/lib.rs:109:13
[INFO] [stdout]     |
[INFO] [stdout] 109 | use winapi::um::winnt::{self, WCHAR};
[INFO] [stdout]     |             ^^ could not find `um` in `winapi`
[INFO] [stdout] 
[INFO] [stdout] 
[INFO] [stdout] error[E0432]: unresolved import `winapi::um`
[INFO] [stdout]    --> /opt/rustwide/cargo-home/registry/src/index.crates.io-6f17d22bba15001f/winreg-0.5.1/src/lib.rs:109:13
[INFO] [stdout]     |
[INFO] [stdout] 109 | use winapi::um::winnt::{self, WCHAR};
[INFO] [stdout]     |             ^^ could not find `um` in `winapi`
[INFO] [stdout] 
[INFO] [stdout] 
[INFO] [stdout] error[E0433]: failed to resolve: could not find `um` in `winapi`
[INFO] [stdout]  --> /opt/rustwide/cargo-home/registry/src/index.crates.io-6f17d22bba15001f/winreg-0.5.1/src/enums.rs:9:17
[INFO] [stdout]   |
[INFO] [stdout] 9 | pub use winapi::um::winreg::{HKEY_CLASSES_ROOT,
[INFO] [stdout]   |                 ^^ could not find `um` in `winapi`
[INFO] [stdout] 
[INFO] [stdout] 
[INFO] [stdout] error[E0433]: failed to resolve: could not find `um` in `winapi`
[INFO] [stdout]   --> /opt/rustwide/cargo-home/registry/src/index.crates.io-6f17d22bba15001f/winreg-0.5.1/src/enums.rs:19:17
[INFO] [stdout]    |
[INFO] [stdout] 19 | pub use winapi::um::winnt::{KEY_QUERY_VALUE,
[INFO] [stdout]    |                 ^^ could not find `um` in `winapi`
[INFO] [stdout] 
[INFO] [stdout] 
[INFO] [stdout] error[E0433]: failed to resolve: could not find `windows` in `os`
[INFO] [stdout]   --> /opt/rustwide/cargo-home/registry/src/index.crates.io-6f17d22bba15001f/winreg-0.5.1/src/types.rs:11:14
[INFO] [stdout]    |
[INFO] [stdout] 11 | use std::os::windows::ffi::{OsStrExt,OsStringExt};
[INFO] [stdout]    |              ^^^^^^^ could not find `windows` in `os`
[INFO] [stdout] 
[INFO] [stdout] 
[INFO] [stdout] error[E0432]: unresolved import `winapi::um`
[INFO] [stdout]    --> /opt/rustwide/cargo-home/registry/src/index.crates.io-6f17d22bba15001f/winreg-0.5.1/src/lib.rs:110:13
[INFO] [stdout]     |
[INFO] [stdout] 110 | use winapi::um::winreg as winapi_reg;
[INFO] [stdout]     |             ^^ could not find `um` in `winapi`
[INFO] [stdout] 
[INFO] [stdout] 
[INFO] [stdout] error[E0432]: unresolved import `super::winapi::shared`
[INFO] [stdout]   --> /opt/rustwide/cargo-home/registry/src/index.crates.io-6f17d22bba15001f/winreg-0.5.1/src/types.rs:12:20
[INFO] [stdout]    |
[INFO] [stdout] 12 | use super::winapi::shared::winerror;
[INFO] [stdout]    |                    ^^^^^^ could not find `shared` in `winapi`
[INFO] [stdout] 
[INFO] [stdout] 
[INFO] [stdout] error[E0433]: failed to resolve: could not find `um` in `winapi`
[INFO] [stdout]   --> /opt/rustwide/cargo-home/registry/src/index.crates.io-6f17d22bba15001f/winreg-0.5.1/src/enums.rs:39:29
[INFO] [stdout]    |
[INFO] [stdout] 39 |               $( $v = winapi::um::winnt::$v as isize ),*
[INFO] [stdout]    |                               ^^ could not find `um` in `winapi`
[INFO] [stdout] ...
[INFO] [stdout] 44 | / winapi_enum!(RegType, "Enumeration of possible registry value types" => [
[INFO] [stdout] 45 | | REG_NONE,
[INFO] [stdout] 46 | | REG_SZ,
[INFO] [stdout] 47 | | REG_EXPAND_SZ,
[INFO] [stdout] ...  |
[INFO] [stdout] 56 | | REG_QWORD
[INFO] [stdout] 57 | | ]);
[INFO] [stdout]    | |__- in this macro invocation
[INFO] [stdout]    |
[INFO] [stdout]    = note: this error originates in the macro `winapi_enum` (in Nightly builds, run with -Z macro-backtrace for more info)
[INFO] [stdout] 
[INFO] [stdout] 
[INFO] [stderr]     Checking uuid v0.6.0
[INFO] [stderr]     Checking tokio-executor v0.1.2
[INFO] [stdout] error[E0599]: no function or associated item named `from_wide` found for struct `OsString` in the current scope
[INFO] [stdout]   --> /opt/rustwide/cargo-home/registry/src/index.crates.io-6f17d22bba15001f/winreg-0.5.1/src/types.rs:54:35
[INFO] [stdout]    |
[INFO] [stdout] 54 |                 let s = OsString::from_wide(words);
[INFO] [stdout]    |                                   ^^^^^^^^^ function or associated item not found in `OsString`
[INFO] [stdout] 
[INFO] [stdout] 
[INFO] [stderr]     Checking tokio-io v0.1.6
[INFO] [stdout] error[E0599]: no method named `encode_wide` found for reference `&&'a OsStr` in the current scope
[INFO] [stdout]    --> /opt/rustwide/cargo-home/registry/src/index.crates.io-6f17d22bba15001f/winreg-0.5.1/src/types.rs:113:37
[INFO] [stdout]     |
[INFO] [stdout] 113 |             bytes: v16_to_v8(&(self.encode_wide().collect::<Vec<_>>())),
[INFO] [stdout]     |                                     ^^^^^^^^^^^ method not found in `&&'a OsStr`
[INFO] [stdout] 
[INFO] [stdout] 
[INFO] [stdout] error[E0599]: no method named `encode_wide` found for reference `&OsStr` in the current scope
[INFO] [stdout]    --> /opt/rustwide/cargo-home/registry/src/index.crates.io-6f17d22bba15001f/winreg-0.5.1/src/lib.rs:904:16
[INFO] [stdout]     |
[INFO] [stdout] 904 |     s.as_ref().encode_wide().chain(Some(0).into_iter()).collect()
[INFO] [stdout]     |                ^^^^^^^^^^^ method not found in `&OsStr`
[INFO] [stdout] 
[INFO] [stdout] 
[INFO] [stdout] error: aborting due to 15 previous errors
[INFO] [stdout] 
[INFO] [stdout] 
[INFO] [stdout] Some errors have detailed explanations: E0432, E0433, E0599.
[INFO] [stdout] 
[INFO] [stdout] For more information about an error, try `rustc --explain E0432`.
[INFO] [stdout] 
[INFO] [stderr] error: could not compile `winreg` (lib) due to 16 previous errors
[INFO] [stderr] warning: build failed, waiting for other jobs to finish...
[INFO] running `Command { std: "docker" "inspect" "1494781d238dc927b11ad06208f6ef592888ce866829698fab00a0df96bede13", kill_on_drop: false }`
[INFO] running `Command { std: "docker" "rm" "-f" "1494781d238dc927b11ad06208f6ef592888ce866829698fab00a0df96bede13", kill_on_drop: false }`
[INFO] [stdout] 1494781d238dc927b11ad06208f6ef592888ce866829698fab00a0df96bede13
